{"id":576,"date":"2020-05-07T09:33:40","date_gmt":"2020-05-07T09:33:40","guid":{"rendered":"http:\/\/botschafter-menschenrechte.de\/?page_id=576"},"modified":"2022-06-07T06:57:01","modified_gmt":"2022-06-07T06:57:01","slug":"ueber-uns","status":"publish","type":"page","link":"https:\/\/botschafter-menschenrechte.de\/?page_id=576","title":{"rendered":"\u00dcBER UNS"},"content":{"rendered":"<div data-colibri-id=\"576-c1\" class=\"style-421 style-local-576-c1 position-relative\">\n  <!---->\n  <div data-colibri-component=\"section\" data-colibri-id=\"576-c2\" id=\"about\" class=\"h-section h-section-global-spacing d-flex align-items-lg-center align-items-md-center align-items-center style-434 style-local-576-c2 position-relative\">\n    <!---->\n    <!---->\n    <div class=\"h-section-grid-container h-section-boxed-container\">\n      <!---->\n      <div data-colibri-id=\"576-c3\" class=\"h-row-container gutters-row-lg-2 gutters-row-md-2 gutters-row-2 gutters-row-v-lg-2 gutters-row-v-md-2 gutters-row-v-2 style-435 style-local-576-c3 position-relative\">\n        <!---->\n        <div class=\"h-row justify-content-lg-center justify-content-md-center justify-content-center align-items-lg-stretch align-items-md-stretch align-items-stretch gutters-col-lg-2 gutters-col-md-2 gutters-col-2 gutters-col-v-lg-2 gutters-col-v-md-2 gutters-col-v-2\">\n          <!---->\n          <div class=\"h-column h-column-container d-flex h-col-lg-auto h-col-md-auto h-col-auto style-436-outer style-local-576-c4-outer\">\n            <div data-colibri-id=\"576-c4\" class=\"d-flex h-flex-basis h-column__inner h-px-lg-2 h-px-md-2 h-px-2 v-inner-lg-2 v-inner-md-2 v-inner-2 style-436 style-local-576-c4 position-relative\">\n              <!---->\n              <!---->\n              <div class=\"w-100 h-y-container h-column__content h-column__v-align flex-basis-100 align-self-lg-center align-self-md-center align-self-center\">\n                <!---->\n                <div data-colibri-id=\"576-c5\" class=\"h-global-transition-all h-heading style-437 style-local-576-c5 position-relative h-element\">\n                  <!---->\n                  <div class=\"h-heading__outer style-437 style-local-576-c5\">\n                    <!---->\n                    <!---->\n                    <h5 class=\"\">\u00dcber uns<\/h5>\n                  <\/div>\n                <\/div>\n                <div data-colibri-id=\"576-c6\" class=\"h-global-transition-all h-heading style-438 style-local-576-c6 position-relative h-element\">\n                  <!---->\n                  <div class=\"h-heading__outer style-438 style-local-576-c6\">\n                    <!---->\n                    <!---->\n                    <h2 class=\"\">Warum Botschafter f\u00fcr Menschenrechte?<\/h2>\n                  <\/div>\n                <\/div>\n              <\/div>\n            <\/div>\n          <\/div>\n        <\/div>\n      <\/div>\n      <div data-colibri-id=\"576-c7\" class=\"h-row-container gutters-row-lg-2 gutters-row-md-2 gutters-row-0 gutters-row-v-lg-2 gutters-row-v-md-2 gutters-row-v-2 style-463 style-local-576-c7 position-relative\">\n        <!---->\n        <div class=\"h-row justify-content-lg-center justify-content-md-center justify-content-center align-items-lg-stretch align-items-md-stretch align-items-stretch gutters-col-lg-2 gutters-col-md-2 gutters-col-0 gutters-col-v-lg-2 gutters-col-v-md-2 gutters-col-v-2\">\n          <!---->\n          <div class=\"h-column h-column-container d-flex h-col-lg-auto h-col-md-auto h-col-auto style-464-outer style-local-576-c8-outer\">\n            <div data-colibri-id=\"576-c8\" class=\"d-flex h-flex-basis h-column__inner h-px-lg-2 h-px-md-2 h-px-2 v-inner-lg-2 v-inner-md-2 v-inner-2 style-464 style-local-576-c8 position-relative\">\n              <!---->\n              <!---->\n              <div class=\"w-100 h-y-container h-column__content h-column__v-align flex-basis-100 align-self-lg-start align-self-md-start align-self-start\">\n                <!---->\n                <div data-colibri-id=\"576-c9\" class=\"h-global-transition-all h-heading style-681 style-local-576-c9 position-relative h-element\">\n                  <!---->\n                  <div class=\"h-heading__outer style-681 style-local-576-c9\">\n                    <!---->\n                    <!---->\n                    <h2 class=\"\">Wir \u00fcber uns<\/h2>\n                  <\/div>\n                <\/div>\n                <div data-colibri-id=\"576-c10\" class=\"h-text h-text-component style-682 style-local-576-c10 position-relative h-element\">\n                  <!---->\n                  <!---->\n                  <div class=\"\">\n                    <p>Diese Welt braucht Engagement f\u00fcr Opfer von Willk\u00fcr und Gewalt, sexuelle Ausbeutung und Diskriminierung. Jede und jeder, die oder der sich in besonderer Weise f\u00fcr W\u00fcrde und die Freiheitsrechte Anderer einsetzt ist ein \u201eBotschafter\n                      f\u00fcr Menschenrechte\u201c.&nbsp;<\/p>\n                    <p>Seit dem Tag der Menschenrechte am 10. Dezember 2009 arbeiten Einzelpersonen sowie&nbsp;Gruppen aus Bayern und Hessen in einem Netzwerk f\u00fcr Menschenrechte zusammen. Sie berichten \u00fcber Opfer von Menschenrechtsverletzungen und die Ursachen\n                      der Menschenrechtsverletzungen. Hauptziel des Netzwerkes war es von Beginn an, junge Menschen f\u00fcr ein Engagement zu gewinnen und durch Vernetzung zu unterst\u00fctzen.&nbsp;<\/p>\n                    <p>Schwerpunkte dabei waren immer das Eintreten f\u00fcr Meinungs-, Informations- und Pressefreiheit, f\u00fcr Frauenrechte und Kinderrechte sowie gegen Diskriminierung aus religi\u00f6sen, sexuellen und ethnischen Gr\u00fcnden. Neben Einzelpersonen geh\u00f6rten\n                      dazu die Gruppen \u201eGet Up\u201c und \u201eGenration Y\u201c, die \u201eKoptenhilfe\u201c, \u201eSch\u00fcler f\u00fcr Menschenrechte\u201c und die \u201eInitiative f\u00fcr Menschenrechte Mittelhessen\u201c.<\/p>\n                    <p>Am 10. Dezember 2017 war es dann soweit, dass die Aktiven aus unterschiedlichen Regionen und Arbeitsbereichen sich als Verein Botschafter f\u00fcr Menschenrechte (BfM) konstituierten und einen Vorstand w\u00e4hlten.<\/p>\n                    <p>Satzungszweck von BfM ist es durch Herausgabe von Publikationen, und andere \u00d6ffentlichkeitsarbeit, durch Seminare und andere Veranstaltungen, Menschenrechtsbildung zu vermitteln,<\/p>\n                    <p>BfM leistet direkte Unterst\u00fctzung und Hilfe f\u00fcr Opfer von Diskriminierung und Menschenrechtsverletzungen vor Ort.<\/p>\n                    <p>BfM hilft dar\u00fcber hinaus durch organisatorische Unterst\u00fctzung von Aktivisten und durch die Auszeichnung von Pers\u00f6nlichkeiten &#8211; die sich f\u00fcr die Opfer Menschenrechtsverletzungen engagieren \u2013 als Tr\u00e4ger des Titels \u201eBotschafter f\u00fcr Menschenrechte\u201c.&nbsp;<\/p>\n                  <\/div>\n                <\/div>\n                <div data-colibri-id=\"576-c11\" class=\"style-465 style-local-576-c11 position-relative h-element\">\n                  <!---->\n                <\/div>\n                <div data-colibri-id=\"576-c12\" class=\"h-global-transition-all h-heading style-1413 style-local-576-c12 position-relative h-element\">\n                  <!---->\n                  <div class=\"h-heading__outer style-1413 style-local-576-c12\">\n                    <!---->\n                    <!---->\n                    <h4 class=\"\">Verantwortlich f\u00fcr den Vorstand<\/h4>\n                  <\/div>\n                <\/div>\n                <div data-colibri-id=\"576-c13\" class=\"h-text h-text-component style-1412 style-local-576-c13 position-relative h-element\">\n                  <!---->\n                  <!---->\n                  <div class=\"\">\n                    <p>Botschafter f\u00fcr Menschenrechte e.V.<\/p>\n                    <p>Vorsitzende:\n                      <br>Ulrike Lessenthin\n                      <br>Diebacher Weg 22\n                      <br>35647 Waldsolms\n                      <br>\n                      <br>\n                    <\/p>\n                    <p>Stellvertretende Vorsitzende:\n                      <br>Christine Seim<\/p>\n                  <\/div>\n                <\/div>\n              <\/div>\n            <\/div>\n          <\/div>\n        <\/div>\n      <\/div>\n    <\/div>\n  <\/div>\n  <div data-colibri-component=\"section\" data-colibri-id=\"576-c14\" id=\"overlappable\" class=\"h-section h-section-global-spacing d-flex align-items-lg-center align-items-md-center align-items-center style-457 style-local-576-c14 position-relative\">\n    <!---->\n    <!---->\n    <div class=\"h-section-grid-container h-section-boxed-container\">\n      <!---->\n      <div data-colibri-id=\"576-c15\" class=\"h-row-container gutters-row-lg-2 gutters-row-md-0 gutters-row-2 gutters-row-v-lg-2 gutters-row-v-md-0 gutters-row-v-2 style-458 style-local-576-c15 position-relative\">\n        <!---->\n        <div class=\"h-row justify-content-lg-center justify-content-md-center justify-content-center align-items-lg-stretch align-items-md-stretch align-items-stretch gutters-col-lg-2 gutters-col-md-0 gutters-col-2 gutters-col-v-lg-2 gutters-col-v-md-0 gutters-col-v-2\">\n          <!---->\n          <div class=\"h-column h-column-container d-flex h-col-lg-12 h-col-md-12 h-col-12 style-459-outer style-local-576-c16-outer\">\n            <div data-colibri-id=\"576-c16\" class=\"d-flex h-flex-basis h-column__inner h-px-lg-2 h-px-md-3 h-px-2 v-inner-lg-0 v-inner-md-3 v-inner-2 style-459 style-local-576-c16 position-relative\">\n              <!---->\n              <!---->\n              <div class=\"w-100 h-y-container h-column__content h-column__v-align flex-basis-100 align-self-lg-start align-self-md-start align-self-start\">\n                <!---->\n                <div data-colibri-id=\"576-c17\" class=\"h-icon style-460 style-local-576-c17 position-relative h-element\">\n                  <!---->\n                  <a href=\"http:\/\/botschafter-menschenrechte.de\/?page_id=605\" h-use-smooth-scroll=\"true\"><span class=\"h-svg-icon h-icon__icon style-460-icon style-local-576-c17-icon\"><!--Icon by Font Awesome (https:\/\/fontawesome.com)--><svg version=\"1.1\" xmlns=\"http:\/\/www.w3.org\/2000\/svg\" xmlns:xlink=\"http:\/\/www.w3.org\/1999\/xlink\" id=\"align-justify\" viewBox=\"0 0 1792 1896.0833\"><path d=\"M1792 1344v128q0 26-19 45t-45 19H64q-26 0-45-19t-19-45v-128q0-26 19-45t45-19h1664q26 0 45 19t19 45zm0-384v128q0 26-19 45t-45 19H64q-26 0-45-19t-19-45V960q0-26 19-45t45-19h1664q26 0 45 19t19 45zm0-384v128q0 26-19 45t-45 19H64q-26 0-45-19T0 704V576q0-26 19-45t45-19h1664q26 0 45 19t19 45zm0-384v128q0 26-19 45t-45 19H64q-26 0-45-19T0 320V192q0-26 19-45t45-19h1664q26 0 45 19t19 45z\"><\/path><\/svg><\/span><\/a>\n                <\/div>\n                <div data-colibri-id=\"576-c18\" class=\"h-global-transition-all h-heading style-461 style-local-576-c18 position-relative h-element\">\n                  <!---->\n                  <div class=\"h-heading__outer style-461 style-local-576-c18\">\n                    <!---->\n                    <!---->\n                    <a href=\"http:\/\/botschafter-menschenrechte.de\/?page_id=605\" h-use-smooth-scroll=\"true\">\n                      <h5 class=\"\">Satzung<\/h5>\n                    <\/a>\n                  <\/div>\n                <\/div>\n                <div data-colibri-id=\"576-c19\" class=\"h-text h-text-component style-462 style-local-576-c19 position-relative h-element\">\n                  <!---->\n                  <!---->\n                  <div class=\"\">\n                    <p>Hier geht es zu unserer Satzung<\/p>\n                  <\/div>\n                <\/div>\n              <\/div>\n            <\/div>\n          <\/div>\n          <div class=\"h-column h-column-container d-flex h-col-lg-12 h-col-md-12 h-col-12 style-459-outer style-local-576-c20-outer\">\n            <div data-colibri-id=\"576-c20\" class=\"d-flex h-flex-basis h-column__inner h-px-lg-2 h-px-md-3 h-px-2 v-inner-lg-0 v-inner-md-3 v-inner-2 style-459 style-local-576-c20 position-relative\">\n              <!---->\n              <!---->\n              <div class=\"w-100 h-y-container h-column__content h-column__v-align flex-basis-100 align-self-lg-start align-self-md-start align-self-start\">\n                <!---->\n                <div data-colibri-id=\"576-c21\" class=\"style-466 style-local-576-c21 position-relative h-element\">\n                  <!---->\n                <\/div>\n                <div data-colibri-id=\"576-c22\" class=\"h-icon style-460 style-local-576-c22 position-relative h-element\">\n                  <!---->\n                  <a href=\"http:\/\/botschafter-menschenrechte.de\/?page_id=157\" h-use-smooth-scroll=\"true\"><span class=\"h-svg-icon h-icon__icon style-460-icon style-local-576-c22-icon\"><!--Icon by Font Awesome (https:\/\/fontawesome.com)--><svg version=\"1.1\" xmlns=\"http:\/\/www.w3.org\/2000\/svg\" xmlns:xlink=\"http:\/\/www.w3.org\/1999\/xlink\" id=\"pencil\" viewBox=\"0 0 1536 1896.0833\"><path d=\"M363 1536l91-91-235-235-91 91v107h128v128h107zm523-928q0-22-22-22-10 0-17 7l-542 542q-7 7-7 17 0 22 22 22 10 0 17-7l542-542q7-7 7-17zm-54-192l416 416-832 832H0v-416zm683 96q0 53-37 90l-166 166-416-416 166-165q36-38 90-38 53 0 91 38l235 234q37 39 37 91z\"><\/path><\/svg><\/span><\/a>\n                <\/div>\n                <div data-colibri-id=\"576-c23\" class=\"h-global-transition-all h-heading style-461 style-local-576-c23 position-relative h-element\">\n                  <!---->\n                  <div class=\"h-heading__outer style-461 style-local-576-c23\">\n                    <!---->\n                    <!---->\n                    <a href=\"http:\/\/botschafter-menschenrechte.de\/?page_id=157\" h-use-smooth-scroll=\"true\">\n                      <h5 class=\"\">Aufnahmeantrag<\/h5>\n                    <\/a>\n                  <\/div>\n                <\/div>\n                <div data-colibri-id=\"576-c24\" class=\"h-text h-text-component style-462 style-local-576-c24 position-relative h-element\">\n                  <!---->\n                  <!---->\n                  <div class=\"\">\n                    <p>Werde jetzt Mitglied bei <\/p>\n                    <p>BOTSCHAFTER F\u00dcR MENSCHENRECHTE<\/p>\n                  <\/div>\n                <\/div>\n              <\/div>\n            <\/div>\n          <\/div>\n        <\/div>\n      <\/div>\n    <\/div>\n  <\/div>\n  <div data-colibri-component=\"section\" data-colibri-id=\"576-c25\" id=\"custom\" class=\"h-section h-section-global-spacing d-flex align-items-lg-center align-items-md-center align-items-center style-1400 style-local-576-c25 position-relative\">\n    <!---->\n    <!---->\n    <div class=\"h-section-grid-container h-section-boxed-container\">\n      <!---->\n      <div data-colibri-id=\"576-c26\" class=\"h-row-container gutters-row-lg-2 gutters-row-md-2 gutters-row-0 gutters-row-v-lg-2 gutters-row-v-md-2 gutters-row-v-2 style-1406 style-local-576-c26 position-relative\">\n        <!---->\n        <div class=\"h-row justify-content-lg-center justify-content-md-center justify-content-center align-items-lg-stretch align-items-md-stretch align-items-stretch gutters-col-lg-2 gutters-col-md-2 gutters-col-0 gutters-col-v-lg-2 gutters-col-v-md-2 gutters-col-v-2\">\n          <!---->\n          <div class=\"h-column h-column-container d-flex h-col-lg-auto h-col-md-auto h-col-auto style-1407-outer style-local-576-c27-outer\">\n            <div data-colibri-id=\"576-c27\" class=\"d-flex h-flex-basis h-column__inner h-px-lg-2 h-px-md-2 h-px-2 v-inner-lg-2 v-inner-md-2 v-inner-2 style-1407 style-local-576-c27 position-relative\">\n              <!---->\n              <!---->\n              <div class=\"w-100 h-y-container h-column__content h-column__v-align flex-basis-100 align-self-lg-start align-self-md-start align-self-start\">\n                <!---->\n                <div data-colibri-id=\"576-c28\" class=\"h-icon style-1405 style-local-576-c28 position-relative h-element\">\n                  <!----><span class=\"h-svg-icon h-icon__icon style-1405-icon style-local-576-c28-icon\"><!--Icon by Font Awesome (https:\/\/fontawesome.com)--><svg version=\"1.1\" xmlns=\"http:\/\/www.w3.org\/2000\/svg\" xmlns:xlink=\"http:\/\/www.w3.org\/1999\/xlink\" id=\"expeditedssl\" viewBox=\"0 0 1792 1896.0833\"><path d=\"M896 64q-169 0-323 66T307.5 307.5 130 573 64 896t66 323 177.5 265.5T573 1662t323 66 323-66 265.5-177.5T1662 1219t66-323-66-323-177.5-265.5T1219 130 896 64zm0-64q182 0 348 71t286 191 191 286 71 348-71 348-191 286-286 191-348 71-348-71-286-191-191-286T0 896t71-348 191-286T548 71 896 0zM496 832q16 0 16 16v480q0 16-16 16h-32q-16 0-16-16V848q0-16 16-16h32zm400 64q53 0 90.5 37.5t37.5 90.5q0 35-17.5 64t-46.5 46v114q0 14-9 23t-23 9h-64q-14 0-23-9t-9-23v-114q-29-17-46.5-46t-17.5-64q0-53 37.5-90.5T896 896zm0-768q209 0 385.5 103T1561 510.5 1664 896t-103 385.5-279.5 279.5T896 1664t-385.5-103T231 1281.5 128 896t103-385.5T510.5 231 896 128zM544 608v96q0 14 9 23t23 9h64q14 0 23-9t9-23v-96q0-93 65.5-158.5T896 384t158.5 65.5T1120 608v96q0 14 9 23t23 9h64q14 0 23-9t9-23v-96q0-146-103-249T896 256 647 359 544 608zm864 736V832q0-26-19-45t-45-19H448q-26 0-45 19t-19 45v512q0 26 19 45t45 19h896q26 0 45-19t19-45z\"><\/path><\/svg><\/span><\/div>\n              <\/div>\n            <\/div>\n          <\/div>\n        <\/div>\n      <\/div>\n      <div data-colibri-id=\"576-c29\" class=\"h-row-container gutters-row-lg-2 gutters-row-md-2 gutters-row-0 gutters-row-v-lg-2 gutters-row-v-md-2 gutters-row-v-2 style-1401 style-local-576-c29 position-relative\">\n        <!---->\n        <div class=\"h-row justify-content-lg-center justify-content-md-center justify-content-center align-items-lg-stretch align-items-md-stretch align-items-stretch gutters-col-lg-2 gutters-col-md-2 gutters-col-0 gutters-col-v-lg-2 gutters-col-v-md-2 gutters-col-v-2\">\n          <!---->\n          <div class=\"h-column h-column-container d-flex h-col-lg-auto h-col-md-auto h-col-auto style-1402-outer style-local-576-c30-outer\">\n            <div data-colibri-id=\"576-c30\" class=\"d-flex h-flex-basis h-column__inner h-px-lg-2 h-px-md-2 h-px-2 v-inner-lg-2 v-inner-md-2 v-inner-2 style-1402 style-local-576-c30 position-relative\">\n              <!---->\n              <!---->\n              <div class=\"w-100 h-y-container h-column__content h-column__v-align flex-basis-100 align-self-lg-start align-self-md-start align-self-start\">\n                <!---->\n                <div data-colibri-id=\"576-c31\" class=\"h-global-transition-all h-heading style-1408 style-local-576-c31 position-relative h-element\">\n                  <!---->\n                  <div class=\"h-heading__outer style-1408 style-local-576-c31\">\n                    <!---->\n                    <!---->\n                    <h4 class=\"\">Datenschutzerkl\u00e4rung<\/h4>\n                  <\/div>\n                <\/div>\n                <div data-colibri-id=\"576-c32\" class=\"h-x-container style-1410 style-local-576-c32 position-relative h-element\">\n                  <!---->\n                  <div class=\"h-x-container-inner style-dynamic-576-c32-group style-1410-spacing style-local-576-c32-spacing\"><span class=\"h-button__outer style-1411-outer style-local-576-c33-outer d-inline-flex h-element\"><a h-use-smooth-scroll=\"true\" href=\"http:\/\/botschafter-menschenrechte.de\/?p=2397\"  data-colibri-id=\"576-c33\" class=\"d-flex w-100 align-items-center h-button justify-content-lg-center justify-content-md-center justify-content-center style-1411 style-local-576-c33 position-relative\"><!----><!----> <span>Zum Datenschutz<\/span><\/a>\n                    <\/span>\n                  <\/div>\n                <\/div>\n              <\/div>\n            <\/div>\n          <\/div>\n        <\/div>\n      <\/div>\n    <\/div>\n  <\/div>\n<\/div>","protected":false},"excerpt":{"rendered":"<p>\u00dcber uns Warum Botschafter f\u00fcr Menschenrechte? Wir \u00fcber uns Diese Welt braucht Engagement f\u00fcr Opfer von Willk\u00fcr und Gewalt, sexuelle Ausbeutung und Diskriminierung. Jede und jeder, die oder der sich in besonderer Weise f\u00fcr W\u00fcrde und die Freiheitsrechte Anderer einsetzt ist ein \u201eBotschafter f\u00fcr Menschenrechte\u201c.&nbsp; Seit dem Tag der Menschenrechte am 10. Dezember 2009 arbeiten [&hellip;]<\/p>\n","protected":false},"author":1,"featured_media":0,"parent":0,"menu_order":0,"comment_status":"closed","ping_status":"closed","template":"page-templates\/full-width-page.php","meta":{"footnotes":""},"class_list":["post-576","page","type-page","status-publish","hentry"],"_links":{"self":[{"href":"https:\/\/botschafter-menschenrechte.de\/index.php?rest_route=\/wp\/v2\/pages\/576","targetHints":{"allow":["GET"]}}],"collection":[{"href":"https:\/\/botschafter-menschenrechte.de\/index.php?rest_route=\/wp\/v2\/pages"}],"about":[{"href":"https:\/\/botschafter-menschenrechte.de\/index.php?rest_route=\/wp\/v2\/types\/page"}],"author":[{"embeddable":true,"href":"https:\/\/botschafter-menschenrechte.de\/index.php?rest_route=\/wp\/v2\/users\/1"}],"replies":[{"embeddable":true,"href":"https:\/\/botschafter-menschenrechte.de\/index.php?rest_route=%2Fwp%2Fv2%2Fcomments&post=576"}],"version-history":[{"count":10,"href":"https:\/\/botschafter-menschenrechte.de\/index.php?rest_route=\/wp\/v2\/pages\/576\/revisions"}],"predecessor-version":[{"id":2438,"href":"https:\/\/botschafter-menschenrechte.de\/index.php?rest_route=\/wp\/v2\/pages\/576\/revisions\/2438"}],"wp:attachment":[{"href":"https:\/\/botschafter-menschenrechte.de\/index.php?rest_route=%2Fwp%2Fv2%2Fmedia&parent=576"}],"curies":[{"name":"wp","href":"https:\/\/api.w.org\/{rel}","templated":true}]}}