{"id":605,"date":"2020-05-07T09:46:32","date_gmt":"2020-05-07T09:46:32","guid":{"rendered":"http:\/\/botschafter-menschenrechte.de\/?page_id=605"},"modified":"2020-08-06T12:58:32","modified_gmt":"2020-08-06T12:58:32","slug":"satzung","status":"publish","type":"page","link":"https:\/\/botschafter-menschenrechte.de\/?page_id=605","title":{"rendered":"SATZUNG"},"content":{"rendered":"<div data-colibri-id=\"605-c1\" class=\"style-467 style-local-605-c1 position-relative\">\n  <!---->\n  <div data-colibri-component=\"section\" data-colibri-id=\"605-c2\" id=\"custom\" class=\"h-section h-section-global-spacing d-flex align-items-lg-center align-items-md-center align-items-center style-468 style-local-605-c2 position-relative\">\n    <!---->\n    <!---->\n    <div class=\"h-section-grid-container h-section-boxed-container\">\n      <!---->\n      <div data-colibri-id=\"605-c3\" class=\"h-row-container gutters-row-lg-2 gutters-row-md-2 gutters-row-0 gutters-row-v-lg-2 gutters-row-v-md-2 gutters-row-v-2 style-469 style-local-605-c3 position-relative\">\n        <!---->\n        <div class=\"h-row justify-content-lg-center justify-content-md-center justify-content-center align-items-lg-stretch align-items-md-stretch align-items-stretch gutters-col-lg-2 gutters-col-md-2 gutters-col-0 gutters-col-v-lg-2 gutters-col-v-md-2 gutters-col-v-2\">\n          <!---->\n          <div class=\"h-column h-column-container d-flex h-col-lg-auto h-col-md-auto h-col-auto style-470-outer style-local-605-c4-outer\">\n            <div data-colibri-id=\"605-c4\" class=\"d-flex h-flex-basis h-column__inner h-px-lg-2 h-px-md-2 h-px-2 v-inner-lg-2 v-inner-md-2 v-inner-2 style-470 style-local-605-c4 position-relative\">\n              <!---->\n              <!---->\n              <div class=\"w-100 h-y-container h-column__content h-column__v-align flex-basis-100 align-self-lg-start align-self-md-start align-self-start\">\n                <!---->\n                <div data-colibri-id=\"605-c5\" class=\"h-global-transition-all h-heading style-471 style-local-605-c5 position-relative h-element\">\n                  <!---->\n                  <div class=\"h-heading__outer style-471 style-local-605-c5\">\n                    <!---->\n                    <!---->\n                    <h1 class=\"\">SATZUNG<\/h1>\n                  <\/div>\n                <\/div>\n              <\/div>\n            <\/div>\n          <\/div>\n        <\/div>\n      <\/div>\n    <\/div>\n  <\/div>\n  <div data-colibri-component=\"section\" data-colibri-id=\"605-c6\" id=\"custom-2\" class=\"h-section h-section-global-spacing d-flex align-items-lg-center align-items-md-center align-items-center style-472 style-local-605-c6 position-relative\">\n    <!---->\n    <!---->\n    <div class=\"h-section-grid-container h-section-boxed-container\">\n      <!---->\n      <div data-colibri-id=\"605-c7\" class=\"h-row-container gutters-row-lg-2 gutters-row-md-2 gutters-row-0 gutters-row-v-lg-2 gutters-row-v-md-2 gutters-row-v-2 style-476 style-local-605-c7 position-relative\">\n        <!---->\n        <div class=\"h-row justify-content-lg-center justify-content-md-center justify-content-center align-items-lg-stretch align-items-md-stretch align-items-stretch gutters-col-lg-2 gutters-col-md-2 gutters-col-0 gutters-col-v-lg-2 gutters-col-v-md-2 gutters-col-v-2\">\n          <!---->\n          <div class=\"h-column h-column-container d-flex h-col-lg-auto h-col-md-auto h-col-auto style-477-outer style-local-605-c8-outer\">\n            <div data-colibri-id=\"605-c8\" class=\"d-flex h-flex-basis h-column__inner h-px-lg-2 h-px-md-2 h-px-2 v-inner-lg-2 v-inner-md-2 v-inner-2 style-477 style-local-605-c8 position-relative\">\n              <!---->\n              <!---->\n              <div class=\"w-100 h-y-container h-column__content h-column__v-align flex-basis-100 align-self-lg-start align-self-md-start align-self-start\">\n                <!---->\n                <div data-colibri-id=\"605-c9\" class=\"h-text h-text-component style-478 style-local-605-c9 position-relative h-element\">\n                  <!---->\n                  <!---->\n                  <div class=\"\">\n                    <p><strong>Botschafter f\u00fcr Menschenrechte&nbsp;<\/strong><\/p>\n                    <p><strong>Satzung des Vereins<\/strong><\/p>\n                    <p>\n                      <br>\n                    <\/p>\n                    <p><strong>\u00a7 1 Name, Sitz, Gesch\u00e4ftsjahr<\/strong><\/p>\n                    <p>(1) Der Name des Vereins lautet \u201eBotschafter f\u00fcr Menschenrechte\u201c. Er soll in das Vereinsregister eingetragen werden. Nach der Eintragung f\u00fchrt er den Rechtsformzusatz \u201ee.V.\u201c im Namen.<\/p>\n                    <p>(2) Das Gesch\u00e4ftsjahr ist das Kalenderjahr.<\/p>\n                    <p>(3) Der Verein hat seinen Sitz in Waldsolms.<\/p>\n                    <p>\n                      <br>\n                    <\/p>\n                    <p><strong>\u00a7 2 Zweck des Vereins, Gemeinn\u00fctzigkeit<\/strong><\/p>\n                    <p>(1) Der Verein verfolgt ausschlie\u00dflich und unmittelbar gemeinn\u00fctzige Zwecke im Sinne des Abschnitts &#8222;Steuerbeg\u00fcnstigte Zwecke &#8222;der Abgabenordnung.&nbsp;<\/p>\n                    <p>(2) Zweck des Vereins ist die F\u00f6rderung von Menschenrechten, Informations- und Bildungsarbeit f\u00fcr Menschenrechte, V\u00f6lkerverst\u00e4ndigung und Toleranz.<\/p>\n                    <p>(3) Der Satzungszweck wird verwirklicht insbesondere durch Herausgabe von Publikationen, und andere \u00d6ffentlichkeitsarbeit, durch Seminare und andere Veranstaltungen, bei denen Menschenrechtsbildung vermittelt wird, durch direkte Unterst\u00fctzung\n                      und Hilfe f\u00fcr Opfer von Diskriminierung und Menschenrechtsverletzungen, organisatorische Unterst\u00fctzung und Auszeichnung von Pers\u00f6nlichkeiten die sich f\u00fcr die Opfer Menschenrechtsverletzungen engagieren als \u201eBotschafter f\u00fcr Menschenrechte\u201c.\n                      Der Verein unterst\u00fctzt Vorhaben im Bereich der Entwicklungszusammenarbeit und der humanit\u00e4ren Hilfe. Hierbei sind Verbesserung der Bildungschancen die Armutsbek\u00e4mpfung besondere Anliegen.&nbsp;&nbsp;<\/p>\n                    <p>(4) Der Verein ist selbstlos t\u00e4tig; er verfolgt nicht in erster Linie eigenwirtschaftliche Zwecke. Mittel des Vereins d\u00fcrfen nur f\u00fcr die satzungsm\u00e4\u00dfigen Zwecke verwendet werden. Der Verein verfolgt mildt\u00e4tige Zwecke, die selbstlos\n                      darauf gerichtet sind, ausschlie\u00dflich und unmittelbar solche Personen in den Ziell\u00e4ndern zu unterst\u00fctzen, die infolge ihrer k\u00f6rperlichen oder geistigen Verfassung oder infolge ihrer wirtschaftlichen Lage der Hilfe bed\u00fcrfen. Die Mitglieder\n                      erhalten keine Zuwendungen aus Mitteln des Vereins. Es darf keine Person durch Ausgaben, die dem Zweck des Vereins fremd sind, oder durch unverh\u00e4ltnism\u00e4\u00dfig hohe Verg\u00fctungen beg\u00fcnstigt werden.&nbsp;<\/p>\n                    <p><strong>\u00a7 3 Erwerb der Mitgliedschaft, Mitgliedsbeitr\u00e4ge<\/strong><\/p>\n                    <p>(1) Die Mitgliedschaft im Verein kann auf schriftlichen Antrag jede nat\u00fcrliche Person erwerben, die gewillt ist, den Vereinszweck zu f\u00f6rdern. \u00dcber die Aufnahme entscheidet der Vorstand.<\/p>\n                    <p>(2) Ein Anspruch auf Aufnahme besteht nicht. Die Ablehnung des Aufnahmeantrags ist nicht anfechtbar und muss nicht begr\u00fcndet werden.<\/p>\n                    <p>(3) Mitglieder bezahlen einen Jahresbeitrag. \u00dcber die H\u00f6he und F\u00e4lligkeit des Beitrags beschlie\u00dft die Mitgliederversammlung.&nbsp;<\/p>\n                    <p>\n                      <br>\n                    <\/p>\n                    <p><strong>\u00a7 4 Beendigung der Mitgliedschaft<\/strong><\/p>\n                    <p>(1) Die Mitgliedschaft endet durch freiwilligen Austritt oder Ausschluss.<\/p>\n                    <p>(2) Der Austritt erfolgt durch schriftliche Erkl\u00e4rung gegen\u00fcber dem Vorstand. Der Austritt kann nur zum Jahresende erfolgen und muss sp\u00e4testens am 30.9. des Jahres beim Vorstand eingehen.&nbsp;<\/p>\n                    <p>(3) Ein Mitglied kann jederzeit mit sofortiger Wirkung durch Vorstandsbeschluss aus dem Verein ausgeschlossen werden, wenn es in grober Weise gegen die Interessen des Vereins verst\u00f6\u00dft oder ein sonstiger wichtiger Grund, insbesondere\n                      vereinssch\u00e4digendes Verhalten, vorliegt.<\/p>\n                    <p>\n                      <br>\n                    <\/p>\n                    <p><strong>\u00a7 5 Die Organe des Vereins<\/strong><\/p>\n                    <p>Die Organe des Vereins sind&nbsp;<\/p>\n                    <p>\n                      <br>\n                    <\/p>\n                    <p>die Mitgliederversammlung&nbsp;der Vorstanddas Kuratorium.<\/p>\n                    <p><strong>\u00a7 6 Der Vorstand<\/strong><\/p>\n                    <p>(1) Der Vorstand besteht aus:<\/p>\n                    <p>der \/ dem ersten Vorsitzenden<\/p>\n                    <p>zwei stellvertretenden Vorsitzenden<\/p>\n                    <p>zwei Beisitzern.<\/p>\n                    <p>(2) Der Verein wird gem. \u00a7 26 BGB gerichtlich und au\u00dfergerichtlich vertreten durch den \/ die erste(n) Vorsitzende(n) oder die zweiten Vorsitzenden jeweils allein.&nbsp;<\/p>\n                    <p>\n                      <br>\n                    <\/p>\n                    <p>(3) Die Vorstandsmitglieder werden von der Mitgliederversammlung f\u00fcr die Dauer von 3 Jahren gew\u00e4hlt. Sie bleiben bis zur Neuwahl im Amt. Die vorzeitige Abberufung eines Vorstandsmitglieds kann nur bei Vorliegen eines wichtigen Grundes\n                      erfolgen.&nbsp;<\/p>\n                    <p>\n                      <br>\n                    <\/p>\n                    <p>(4) Der Vorstand ist verantwortlich f\u00fcr:<\/p>\n                    <p>1. die F\u00fchrung der laufenden Gesch\u00e4fte;<\/p>\n                    <p>2. die Ausf\u00fchrung der Beschl\u00fcsse der Mitgliederversammlung;<\/p>\n                    <p>3. die Verwaltung des Vereinsverm\u00f6gens;<\/p>\n                    <p>4. die Aufstellung eines Haushaltsplans f\u00fcr jedes Gesch\u00e4ftsjahr;<\/p>\n                    <p>5. die Buchf\u00fchrung;<\/p>\n                    <p>6. die Erstellung des Jahresberichts;<\/p>\n                    <p>7. die Vorbereitung und<\/p>\n                    <p>8. die Einberufung der Mitgliederversammlung.<\/p>\n                    <p>\n                      <br>\n                    <\/p>\n                    <p>(5) Vorstandssitzungen werden vom ersten Vorsitzenden per E-Mail, schriftlich oder telefonisch einberufen. Der Vorstand beschlie\u00dft mit einfacher Mehrheit. Er ist ohne R\u00fccksicht auf die Zahl der teilnehmenden Vorstandsmitglieder beschlussf\u00e4hig.&nbsp;Bei\n                      Stimmengleichheit entscheidet die Stimme des ersten Vorsitzenden. Stimmvollmachten sind zul\u00e4ssig. Der Vorstand ist auch beschlussf\u00e4hig, wenn nicht alle Vorstands\u00e4mter besetzt sind.<\/p>\n                    <p>(6) Der Vorstand kann sich eine Gesch\u00e4ftsordnung geben, in der u.a. die Aufgabenbereiche der einzelnen Vorstandsmitglieder festgelegt werden.<\/p>\n                    <p>(7) Der Vorstand haftet gegen\u00fcber dem Verein und seinen Mitgliedern nur f\u00fcr Vorsatz und grobe Fahrl\u00e4ssigkeit.<\/p>\n                    <p><strong>\u00a7 7 Kuratorium<\/strong><\/p>\n                    <p>Die Mitgliederversammlung kann Pers\u00f6nlichkeiten des \u00f6ffentlichen Lebens, die f\u00fcr die Ziele des Vereins eintreten, in das Kuratorium aufnehmen. Die Mitglieder des Kuratoriums beraten den Vorstand.<\/p>\n                    <p><strong>\u00a7 8 Verg\u00fctung des Vorstands, Aufwandsersatz<\/strong><\/p>\n                    <p>(1) Vorstandsmitglieder sind grunds\u00e4tzlich ehrenamtlich t\u00e4tig. Sie k\u00f6nnen bei Bedarf eine angemessene pauschale T\u00e4tigkeitsverg\u00fctung f\u00fcr Zeit \u2013 oder Arbeitsaufwand erhalten. \u00dcber die Gew\u00e4hrung und H\u00f6he der Verg\u00fctung beschlie\u00dft die Mitgliederversammlung.\n                      F\u00fcr den Abschluss von Anstellungsvertr\u00e4gen mit Vorstandsmitgliedern ist der Vorstand gem\u00e4\u00df \u00a7 26 BGB (\u00a7 6 Abs. 2 der Satzung) zust\u00e4ndig.<\/p>\n                    <p>\n                      <br>\n                    <\/p>\n                    <p>(2) Aufwendungen f\u00fcr den Verein werden gem\u00e4\u00df \u00a7 670 BGB gegen Vorlage von Belegen&nbsp;ersetzt.&nbsp;<\/p>\n                    <p>\n                      <br>\n                    <\/p>\n                    <p><strong>\u00a7 9 Kassenpr\u00fcfung<\/strong><\/p>\n                    <p>Die Mitgliederversammlung w\u00e4hlt einen Kassenpr\u00fcfer, der nicht Vorstandsmitglied ist, f\u00fcr die Dauer von zwei Jahren. Dieser \u00fcberpr\u00fcft am Ende eines jeden Gesch\u00e4ftsjahres die rechnerische Richtigkeit der Buch- und Kassenf\u00fchrung. Der\n                      Kassenpr\u00fcfer erstattet Bericht in der n\u00e4chstfolgenden Mitgliederversammlung.<\/p>\n                    <p>\n                      <br>\n                    <\/p>\n                    <p><strong>\u00a7 10 Ordentliche Mitgliederversammlung<\/strong><\/p>\n                    <p>(1) Die ordentliche Mitgliederversammlung wird mindestens einmal j\u00e4hrlich abgehalten. Die Mitgliederversammlung wird vom Vorstand in Textform einberufen unter Einhaltung einer Frist von vier Wochen. In der Einladung sind die Tagesordnung\n                      sowie die Gegenst\u00e4nde der anstehenden Beschlussfassungen anzugeben. Jede Mitgliederversammlung ist unabh\u00e4ngig von der Zahl der erschienenen Mitglieder beschlussf\u00e4hig.<\/p>\n                    <p>\n                      <br>\n                    <\/p>\n                    <p>(2) Die Mitgliederversammlung ist zust\u00e4ndig f\u00fcr:<\/p>\n                    <p>\n                      <br>\n                    <\/p>\n                    <p>1. die Wahl und Abberufung der Vorstandsmitglieder;<\/p>\n                    <p>2. die Wahl der Kassenpr\u00fcfer;<\/p>\n                    <p>3. die Genehmigung des vom Vorstand aufgestellten Haushaltsplans f\u00fcr das n\u00e4chste Gesch\u00e4ftsjahr;<\/p>\n                    <p>4. die Entgegennahme des Jahresberichts und die Entlastung des Vorstands;&nbsp;<\/p>\n                    <p>5. die Festsetzung der H\u00f6he und der F\u00e4lligkeit des Jahresbeitrages;<\/p>\n                    <p>6. die Beschlussfassung \u00fcber Satzungs\u00e4nderungen und die Aufl\u00f6sung des Vereins.<\/p>\n                    <p>\n                      <br>\n                    <\/p>\n                    <p>(3) Die Beschlussfassung der Mitgliederversammlung erfolgt mit einfacher Mehrheit der abgegebenen Stimmen, sofern Gesetz und Satzung das nicht anders regeln. Stimmvollmachten sind nicht zul\u00e4ssig. Auf Antrag beschlie\u00dft die Mitgliedersammlung,\n                      ob geheim abgestimmt wird. Bei Wahlen ist der Kandidat gew\u00e4hlt, der die meisten Stimmen auf sich vereint. Bei Stimmengleichheit findet eine Stichwahl zwischen den Kandidaten mit den meisten Stimmen statt.&nbsp;<\/p>\n                    <p>\n                      <br>\n                    <\/p>\n                    <p>(4) Satzungs\u00e4nderungen und Aufl\u00f6sung des Vereins bed\u00fcrfen einer Mehrheit von \u00be der abgegebenen Stimmen.&nbsp;<\/p>\n                    <p>\n                      <br>\n                    <\/p>\n                    <p>(5) Die Versammlung wird vom 1. Vorsitzenden geleitet. Bei dessen Abwesenheit w\u00e4hlt die Versammlung den Versammlungsleiter. Der Versammlungsleiter bestimmt den Protokollf\u00fchrer.&nbsp;<\/p>\n                    <p>\n                      <br>\n                    <\/p>\n                    <p><strong>\u00a7 11 Protokollierung von Beschl\u00fcssen<\/strong><\/p>\n                    <p>Die Beschl\u00fcsse der Mitgliederversammlung werden protokolliert. Das Protokoll ist vom Versammlungsleiter und Protokollf\u00fchrer zu unterzeichnen.<\/p>\n                    <p>\n                      <br>\n                    <\/p>\n                    <p><strong>\u00a7 12 Au\u00dferordentliche Mitgliederversammlung<\/strong><\/p>\n                    <p>(1) Eine au\u00dferordentliche Mitgliederversammlung ist einzuberufen, wenn dies im Interesse des Vereins erforderlich erscheint oder wenn die Einberufung von mindestens 20 % der Mitglieder schriftlich unter Angabe von Zweck und Gr\u00fcnden\n                      verlangt wird.&nbsp;<\/p>\n                    <p>\n                      <br>\n                    <\/p>\n                    <p>(2) F\u00fcr die au\u00dferordentliche Mitgliederversammlung gelten die Regelungen in \u00a7\u00a7 9 und 10 der Satzung entsprechend<\/p>\n                    <p>\n                      <br>\n                    <\/p>\n                    <p><strong>\u00a7 13 Satzungs\u00e4nderungen durch Vorstand<\/strong><\/p>\n                    <p>Der Vorstand kann Satzungs\u00e4nderungen, die von einem Gericht oder einer Beh\u00f6rde verlangt werden, beschlie\u00dfen.<\/p>\n                    <p>&nbsp;&nbsp;<\/p>\n                    <p><strong>\u00a7 14 Aufl\u00f6sung des Vereins, Mittelverwendung<\/strong><\/p>\n                    <p>Bei Aufl\u00f6sung des Vereins oder bei Wegfall steuerbeg\u00fcnstigter Zwecke f\u00e4llt das Verm\u00f6gen des Vereins<strong> <\/strong>an das Koptisch-orthodoxe Kloster Waldsolms-Kr\u00f6ffelbach.<\/p>\n                    <p>Die Satzung wurde beschlossen in der Gr\u00fcndungsversammlung am 10. Dezember 2017 in Waldsolms.<\/p>\n                    <p>\n                      <br>\n                    <\/p>\n                  <\/div>\n                <\/div>\n              <\/div>\n            <\/div>\n          <\/div>\n        <\/div>\n      <\/div>\n    <\/div>\n  <\/div>\n<\/div>","protected":false},"excerpt":{"rendered":"<p>SATZUNG Botschafter f\u00fcr Menschenrechte&nbsp; Satzung des Vereins \u00a7 1 Name, Sitz, Gesch\u00e4ftsjahr (1) Der Name des Vereins lautet \u201eBotschafter f\u00fcr Menschenrechte\u201c. Er soll in das Vereinsregister eingetragen werden. Nach der Eintragung f\u00fchrt er den Rechtsformzusatz \u201ee.V.\u201c im Namen. (2) Das Gesch\u00e4ftsjahr ist das Kalenderjahr. (3) Der Verein hat seinen Sitz in Waldsolms. \u00a7 2 Zweck [&hellip;]<\/p>\n","protected":false},"author":1,"featured_media":0,"parent":576,"menu_order":0,"comment_status":"closed","ping_status":"closed","template":"page-templates\/full-width-page.php","meta":{"footnotes":""},"class_list":["post-605","page","type-page","status-publish","hentry"],"_links":{"self":[{"href":"https:\/\/botschafter-menschenrechte.de\/index.php?rest_route=\/wp\/v2\/pages\/605","targetHints":{"allow":["GET"]}}],"collection":[{"href":"https:\/\/botschafter-menschenrechte.de\/index.php?rest_route=\/wp\/v2\/pages"}],"about":[{"href":"https:\/\/botschafter-menschenrechte.de\/index.php?rest_route=\/wp\/v2\/types\/page"}],"author":[{"embeddable":true,"href":"https:\/\/botschafter-menschenrechte.de\/index.php?rest_route=\/wp\/v2\/users\/1"}],"replies":[{"embeddable":true,"href":"https:\/\/botschafter-menschenrechte.de\/index.php?rest_route=%2Fwp%2Fv2%2Fcomments&post=605"}],"version-history":[{"count":3,"href":"https:\/\/botschafter-menschenrechte.de\/index.php?rest_route=\/wp\/v2\/pages\/605\/revisions"}],"predecessor-version":[{"id":846,"href":"https:\/\/botschafter-menschenrechte.de\/index.php?rest_route=\/wp\/v2\/pages\/605\/revisions\/846"}],"up":[{"embeddable":true,"href":"https:\/\/botschafter-menschenrechte.de\/index.php?rest_route=\/wp\/v2\/pages\/576"}],"wp:attachment":[{"href":"https:\/\/botschafter-menschenrechte.de\/index.php?rest_route=%2Fwp%2Fv2%2Fmedia&parent=605"}],"curies":[{"name":"wp","href":"https:\/\/api.w.org\/{rel}","templated":true}]}}